hat are the prime factors of 3836240?
2, 5, 79, 607
What are the prime factors of 37040403?
3, 12346801
List the prime factors of 8244935.
5, 1648987
List the prime factors of 112585.
5, 11, 23, 89
What are the prime factors of 88760?
2, 5, 7, 317
List the prime factors of 200317.
13, 19, 811
What are the prime factors of 37297?
13, 19, 151
List the prime factors of 12019895.
5, 89, 27011
What are the prime factors of 340119?
3, 13, 17, 19
What are the prime factors of 3686124?
2, 3, 13, 23629
List the prime factors of 11485443.
3, 19, 201499
What are the prime factors of 301149?
3, 33461
List the prime factors of 726650.
2, 5, 14533
What are the prime factors of 603510?
2, 3, 5, 20117
List the prime factors of 597268.
2, 7, 83, 257
What are the prime factors of 574437?
3, 43, 61, 73
What are the prime factors of 248305?
5, 53, 937
What are the prime factors of 856653?
3, 7, 19, 113
What are the prime factors of 5311053?
3, 11, 4877
List the prime factors of 1289004.
2, 3, 163, 659
What are the prime factors of 490354?
2, 245177
List the prime factors of 232025.
5, 9281
List the prime factors of 498176.
2, 7, 139
What are the prime factors of 167806?
2, 83903
List the prime factors of 1245722.
2, 622861
What are the prime factors of 229781?
229781
What are the prime factors of 20686991?
13, 19, 61, 1373
What are the prime factors of 10207265?
5, 107, 19079
List the prime factors of 17292187.
11, 1572017
What are the prime factors of 2248697?
11, 204427
List the prime factors of 1541225.
5, 7, 8807
List the prime factors of 9491162.
2, 571, 8311
List the prime factors of 4280068.
2, 13, 53, 1553
List the prime factors of 874922.
2, 17, 25733
What are the prime factors of 130006?
2, 65003
List the prime factors of 5274112.
2, 10301
List the prime factors of 965943.
3, 11, 887
What are the prime factors of 112386?
2, 3, 18731
What are the prime factors of 1088548?
2, 19, 14323
What are the prime factors of 169521?
3, 11, 467
What are the prime factors of 31883?
31883
List the prime factors of 5784343.
5784343
List the prime factors of 41667.
3, 17, 19, 43
What are the prime factors of 2909521?
2909521
What are the prime factors of 1092211?
277, 3943
What are the prime factors of 337079?
19, 113, 157
List the prime factors of 61915.
5, 7, 29, 61
What are the prime factors of 2091315?
3, 5, 107, 1303
What are the prime factors of 917503?
917503
What are the prime factors of 1135637?
61, 18617
List the prime factors of 4307162.
2, 67, 32143
What are the prime factors of 4958288?
2, 17, 18229
What are the prime factors of 11458094?
2, 23, 249089
What are the prime factors of 1473407?
13, 17, 59, 113
What are the prime factors of 2754584?
2, 7, 7027
What are the prime factors of 8478452?
2, 2119613
List the prime factors of 1934192.
2, 13, 17, 547
What are the prime factors of 30531?
3, 10177
What are the prime factors of 186097?
186097
What are the prime factors of 2811651?
3, 137, 6841
List the prime factors of 289281.
3, 211, 457
List the prime factors of 482024.
2, 89, 677
What are the prime factors of 369654?
2, 3, 61609
What are the prime factors of 1545099?
3, 19, 27107
List the prime factors of 414703.
414703
List the prime factors of 10572921.
3, 1174769
What are the prime factors of 1348818?
2, 3, 41, 5483
List the prime factors of 2038202.
2, 47, 21683
List the prime factors of 2159290.
2, 5, 7, 109, 283
What are the prime factors of 19627340?
2, 5, 31, 31657
List the prime factors of 360403.
383, 941
List the prime factors of 376748.
2, 97, 971
What are the prime factors of 212397?
3, 83, 853
What are the prime factors of 61742?
2, 30871
List the prime factors of 507309.
3, 11, 15373
List the prime factors of 70321.
70321
List the prime factors of 3839510.
2, 5, 383951
What are the prime factors of 18300475?
5, 757, 967
List the prime factors of 22510416.
2, 3, 468967
What are the prime factors of 219319?
71, 3089
List the prime factors of 4762483.
11, 19, 22787
What are the prime factors of 2383014?
2, 3, 389, 1021
List the prime factors of 245751.
3, 11, 677
List the prime factors of 2063037.
3, 687679
What are the prime factors of 401270?
2, 5, 40127
List the prime factors of 11058918.
2, 3, 13, 29, 4889
List the prime factors of 6867499.
47, 146117
List the prime factors of 404128.
2, 73, 173
List the prime factors of 170006.
2, 167, 509
What are the prime factors of 1951596?
2, 3, 23, 2357
List the prime factors of 911429.
691, 1319
List the prime factors of 2239818.
2, 3, 7, 17, 3137
What are the prime factors of 304468?
2, 103, 739
What are the prime factors of 195292?
2, 48823
List the prime factors of 249842.
2, 53, 2357
List the prime factors of 7338880.
2, 5, 11467
What are the prime factors of 16294?
2, 8147
List the prime factors of 3689068.
2, 17, 54251
What are the prime factors of 40021?
31, 1291
List the prime factors of 36779151.
3, 191, 64187
List the prime factors of 6697778.
2, 79, 42391
What are the prime factors of 647063?
31, 20873
What are the prime factors of 412165?
5, 13, 17, 373
List the prime factors of 388321.
577, 673
What are the prime factors of 9472047?
3, 13, 242873
What are the prime factors of 499447?
13, 103, 373
What are the prime factors of 104789?
104789
List the prime factors of 805161.
3, 7, 23, 1667
What are the prime factors of 3238761?
3, 877, 1231
List the prime factors of 1860131.
7, 13, 20441
What are the prime factors of 2324763?
3, 7, 36901
What are the prime factors of 17366725?
5, 23, 30203
List the prime factors of 5510997.
3, 22679
What are the prime factors of 1167460?
2, 5, 7, 31, 269
What are the prime factors of 346608?
2, 3, 29, 83
What are the prime factors of 2572516?
2, 643129
List the prime factors of 6660124.
2, 17, 97943
What are the prime factors of 1966?
2, 983
What are the prime factors of 728127?
3, 17, 4759
List the prime factors of 19859230.
2, 5, 17, 116819
List the prime factors of 17826250.
2, 5, 13, 1097
What are the prime factors of 11134807?
43, 258949
What are the prime factors of 11363166?
2, 3, 103, 227
List the prime factors of 1425715.
5, 313, 911
What are the prime factors of 7681987?
71, 257, 421
List the prime factors of 9334847.
163, 57269
List the prime factors of 10477185.
3, 5, 17, 181, 227
What are the prime factors of 1040477?
37, 61, 461
What are the prime factors of 6286429?
23, 273323
What are the prime factors of 69325?
5, 47, 59
List the prime factors of 278185.
5, 23, 41, 59
List the prime factors of 206690.
2, 5, 11, 1879
What are the prime factors of 752798?
2, 376399
What are the prime factors of 5471896?
2, 59, 11593
What are the prime factors of 13714345?
5, 97, 28277
What are the prime factors of 4088057?
199, 20543
What are the prime factors of 651514?
2, 29, 47, 239
List the prime factors of 36408664.
2, 59, 77137
List the prime factors of 2134867.
7, 304981
List the prime factors of 43658.
2, 83, 263
What are the prime factors of 3865105?
5, 773021
List the prime factors of 5225420.
2, 5, 261271
List the prime factors of 669297.
3, 223099
List the prime factors of 6035250.
2, 3, 5, 13, 619
List the prime factors of 3916526.
2, 43, 45541
List the prime factors of 1172735.
5, 234547
What are the prime factors of 127420?
2, 5, 23, 277
List the prime factors of 2159294.
2, 1079647
List the prime factors of 426667.
131, 3257
List the prime factors of 13487035.
5, 17, 101, 1571
What are the prime factors of 167141?
13, 23, 43
What are the prime factors of 756536?
2, 11, 8597
List the prime factors of 28227593.
401, 70393
List the prime factors of 4036597.
29, 109, 1277
List the prime factors of 7112739.
3, 743, 3191
What are the prime factors of 223121?
347, 643
What are the prime factors of 1476892?
2, 17, 37, 587
What are the prime factors of 7658979?
3, 47, 54319
What are the prime factors of 236278?
2, 7, 2411
What are the prime factors of 9647385?
3, 5, 11, 59, 991
What are the prime factors of 1857346?
2, 47, 19759
List the prime factors of 7383965.
5, 1476793
What are the prime factors of 109148?
2, 13, 2099
What are the prime factors of 689219?
689219
List the prime factors of 23009014.
2, 7, 1643501
List the prime factors of 111904.
2, 13, 269
What are the prime factors of 24094387?
24094387
What are the prime factors of 4744